{"id":70,"date":"2011-07-21T12:39:34","date_gmt":"2011-07-21T12:39:34","guid":{"rendered":"http:\/\/www.kapelagoralska.eu\/?page_id=70"},"modified":"2011-07-23T16:49:51","modified_gmt":"2011-07-23T16:49:51","slug":"biesiady-goralskie","status":"publish","type":"page","link":"https:\/\/www.kapelagoralska.eu\/?page_id=70","title":{"rendered":"Biesiady g\u00f3ralskie"},"content":{"rendered":"<p><strong><a href=\"http:\/\/www.kapelagoralska.eu\/wp-content\/uploads\/2011\/06\/Biesiada.jpg\"><img loading=\"lazy\" decoding=\"async\" class=\"alignright size-medium wp-image-97\" title=\"Biesiada\" src=\"http:\/\/www.kapelagoralska.eu\/wp-content\/uploads\/2011\/06\/Biesiada-300x225.jpg\" alt=\"\" width=\"300\" height=\"225\" srcset=\"https:\/\/www.kapelagoralska.eu\/wp-content\/uploads\/2011\/06\/Biesiada-300x225.jpg 300w, https:\/\/www.kapelagoralska.eu\/wp-content\/uploads\/2011\/06\/Biesiada-1024x768.jpg 1024w\" sizes=\"auto, (max-width: 300px) 100vw, 300px\" \/><\/a>Biesiady g\u00f3ralskie<\/strong> to po\u0142\u0105czenie muzyki g\u00f3ralskiej i przeboj\u00f3w biesiadnych, okraszone specyficznym humorem g\u00f3ralskim i powiastkami o dawnych zwyczajach. Wszystko to przeplatane g\u00f3ralskimi zabawami i konkursami.<\/p>\n<p>Czas trwania 2-4 godzin.<\/p>\n<p>Sk\u0142ad 8-15 os\u00f3b.<\/p>\n<p>Nag\u0142o\u015bnienie\u00a0 mo\u017ce by\u0107 w\u0142asne.<\/p>\n<p>&nbsp;<\/p>\n","protected":false},"excerpt":{"rendered":"<p>Biesiady g\u00f3ralskie to po\u0142\u0105czenie muzyki g\u00f3ralskiej i przeboj\u00f3w biesiadnych, okraszone specyficznym humorem g\u00f3ralskim i powiastkami o dawnych zwyczajach. Wszystko to przeplatane g\u00f3ralskimi zabawami i konkursami. Czas trwania 2-4 godzin. Sk\u0142ad 8-15 os\u00f3b. Nag\u0142o\u015bnienie\u00a0 mo\u017ce by\u0107 w\u0142asne. &nbsp;<\/p>\n","protected":false},"author":1,"featured_media":0,"parent":45,"menu_order":0,"comment_status":"closed","ping_status":"open","template":"","meta":{"footnotes":""},"class_list":["post-70","page","type-page","status-publish","hentry"],"_links":{"self":[{"href":"https:\/\/www.kapelagoralska.eu\/index.php?rest_route=\/wp\/v2\/pages\/70","targetHints":{"allow":["GET"]}}],"collection":[{"href":"https:\/\/www.kapelagoralska.eu\/index.php?rest_route=\/wp\/v2\/pages"}],"about":[{"href":"https:\/\/www.kapelagoralska.eu\/index.php?rest_route=\/wp\/v2\/types\/page"}],"author":[{"embeddable":true,"href":"https:\/\/www.kapelagoralska.eu\/index.php?rest_route=\/wp\/v2\/users\/1"}],"replies":[{"embeddable":true,"href":"https:\/\/www.kapelagoralska.eu\/index.php?rest_route=%2Fwp%2Fv2%2Fcomments&post=70"}],"version-history":[{"count":4,"href":"https:\/\/www.kapelagoralska.eu\/index.php?rest_route=\/wp\/v2\/pages\/70\/revisions"}],"predecessor-version":[{"id":123,"href":"https:\/\/www.kapelagoralska.eu\/index.php?rest_route=\/wp\/v2\/pages\/70\/revisions\/123"}],"up":[{"embeddable":true,"href":"https:\/\/www.kapelagoralska.eu\/index.php?rest_route=\/wp\/v2\/pages\/45"}],"wp:attachment":[{"href":"https:\/\/www.kapelagoralska.eu\/index.php?rest_route=%2Fwp%2Fv2%2Fmedia&parent=70"}],"curies":[{"name":"wp","href":"https:\/\/api.w.org\/{rel}","templated":true}]}}